CRAN Package Check Results for Package trackeRapp

Last updated on 2019-12-14 08:50:44 CET.

Flavor Version Tinstall Tcheck Ttotal Status Flags
r-devel-linux-x86_64-debian-clang 1.0 13.94 102.85 116.79 OK
r-devel-linux-x86_64-debian-gcc 1.0 13.10 79.98 93.08 OK
r-devel-linux-x86_64-fedora-clang 1.0 147.90 NOTE
r-devel-linux-x86_64-fedora-gcc 1.0 145.60 NOTE
r-devel-windows-ix86+x86_64 1.0 27.00 155.00 182.00 OK
r-devel-windows-ix86+x86_64-gcc8 1.0 35.00 160.00 195.00 OK
r-patched-linux-x86_64 1.0 13.44 90.93 104.37 OK
r-patched-solaris-x86 1.0 191.00 NOTE
r-release-linux-x86_64 1.0 11.52 91.91 103.43 OK
r-release-windows-ix86+x86_64 1.0 25.00 97.00 122.00 OK
r-release-osx-x86_64 1.0 NOTE
r-oldrel-windows-ix86+x86_64 1.0 15.00 104.00 119.00 OK
r-oldrel-osx-x86_64 1.0 NOTE

Check Details

Version: 1.0
Check: dependencies in R code
Result: NOTE
    Namespaces in Imports field not imported from:
     ‘V8’ ‘colorspace’
     All declared Imports should be used.
Flavors: r-devel-linux-x86_64-fedora-clang, r-devel-linux-x86_64-fedora-gcc, r-patched-solaris-x86, r-release-osx-x86_64, r-oldrel-osx-x86_64