CRAN Package Check Results for Package trackr

Last updated on 2020-02-27 07:49:55 CET.

Flavor Version Tinstall Tcheck Ttotal Status Flags
r-devel-linux-x86_64-debian-clang 0.10.5 23.30 210.23 233.53 WARN
r-devel-linux-x86_64-debian-gcc 0.10.5 18.61 162.40 181.01 WARN
r-devel-linux-x86_64-fedora-clang 0.10.5 280.28 WARN
r-devel-linux-x86_64-fedora-gcc 0.10.5 275.64 WARN
r-devel-windows-ix86+x86_64 0.10.5 45.00 226.00 271.00 OK
r-devel-windows-ix86+x86_64-gcc8 0.10.5 44.00 218.00 262.00 OK
r-patched-linux-x86_64 0.10.5 22.53 181.26 203.79 WARN
r-patched-solaris-x86 0.10.5 343.90 WARN
r-release-linux-x86_64 0.10.5 18.65 182.06 200.71 OK
r-release-windows-ix86+x86_64 0.10.5 36.00 192.00 228.00 OK
r-release-osx-x86_64 0.10.5 OK
r-oldrel-windows-ix86+x86_64 0.10.5 20.00 187.00 207.00 OK
r-oldrel-osx-x86_64 0.10.5 OK

Check Details

Version: 0.10.5
Check: Rd \usage sections
Result: WARN
    Documented arguments not in \usage in documentation object 'tags<-':
     '...'
    
    Functions with \usage entries need to have the appropriate \alias
    entries, and all their arguments documented.
    The \usage entries must correspond to syntactically valid R code.
    See chapter 'Writing R documentation files' in the 'Writing R
    Extensions' manual.
Flavors: r-devel-linux-x86_64-debian-clang, r-devel-linux-x86_64-debian-gcc, r-devel-linux-x86_64-fedora-clang, r-devel-linux-x86_64-fedora-gcc, r-patched-linux-x86_64, r-patched-solaris-x86

Version: 0.10.5
Check: for non-standard things in the check directory
Result: NOTE
    Found the following files/directories:
     'images'
Flavors: r-devel-linux-x86_64-debian-clang, r-devel-linux-x86_64-debian-gcc, r-devel-linux-x86_64-fedora-clang, r-devel-linux-x86_64-fedora-gcc