CRAN Package Check Results for Package tsiR

Last updated on 2020-01-23 15:48:15 CET.

Flavor Version Tinstall Tcheck Ttotal Status Flags
r-devel-linux-x86_64-debian-clang 0.4.2 9.30 67.39 76.69 OK
r-devel-linux-x86_64-debian-gcc 0.4.2 7.38 50.80 58.18 OK
r-devel-linux-x86_64-fedora-clang 0.4.2 92.21 OK
r-devel-linux-x86_64-fedora-gcc 0.4.2 87.44 OK
r-devel-windows-ix86+x86_64 0.4.2 32.00 107.00 139.00 WARN
r-devel-windows-ix86+x86_64-gcc8 0.4.2 28.00 119.00 147.00 OK
r-patched-linux-x86_64 0.4.2 7.42 58.28 65.70 OK
r-patched-solaris-x86 0.4.2 118.90 OK
r-release-linux-x86_64 0.4.2 7.97 58.66 66.63 OK
r-release-windows-ix86+x86_64 0.4.2 17.00 95.00 112.00 OK
r-release-osx-x86_64 0.4.2 OK
r-oldrel-windows-ix86+x86_64 0.4.2 10.00 82.00 92.00 OK
r-oldrel-osx-x86_64 0.4.2 OK

Check Details

Version: 0.4.2
Check: whether the namespace can be loaded with stated dependencies
Result: WARN
    
    A namespace must be able to be loaded with just the base namespace
    loaded: otherwise if the namespace gets loaded by a saved object, the
    session will be unable to start.
    
    Probably some imports need to be declared in the NAMESPACE file.
Flavor: r-devel-windows-ix86+x86_64