CRAN Package Check Results for Package unvotes

Last updated on 2020-02-27 07:49:55 CET.

Flavor Version Tinstall Tcheck Ttotal Status Flags
r-devel-linux-x86_64-debian-clang 0.2.0 5.68 54.77 60.45 OK
r-devel-linux-x86_64-debian-gcc 0.2.0 5.19 46.79 51.98 OK
r-devel-linux-x86_64-fedora-clang 0.2.0 83.73 NOTE
r-devel-linux-x86_64-fedora-gcc 0.2.0 79.02 NOTE
r-devel-windows-ix86+x86_64 0.2.0 10.00 82.00 92.00 OK
r-devel-windows-ix86+x86_64-gcc8 0.2.0 10.00 74.00 84.00 OK
r-patched-linux-x86_64 0.2.0 5.14 52.05 57.19 OK
r-patched-solaris-x86 0.2.0 123.80 NOTE
r-release-linux-x86_64 0.2.0 5.23 52.44 57.67 OK
r-release-windows-ix86+x86_64 0.2.0 10.00 82.00 92.00 OK
r-release-osx-x86_64 0.2.0 NOTE
r-oldrel-windows-ix86+x86_64 0.2.0 9.00 114.00 123.00 OK
r-oldrel-osx-x86_64 0.2.0 NOTE

Check Details

Version: 0.2.0
Check: data for non-ASCII characters
Result: NOTE
     Note: found 4494 marked UTF-8 strings
Flavors: r-devel-linux-x86_64-fedora-clang, r-devel-linux-x86_64-fedora-gcc, r-patched-solaris-x86, r-release-osx-x86_64, r-oldrel-osx-x86_64