CRAN Package Check Results for Package urlshorteneR

Last updated on 2020-01-27 07:55:21 CET.

Flavor Version Tinstall Tcheck Ttotal Status Flags
r-devel-linux-x86_64-debian-clang 1.1.2 4.68 40.84 45.52 OK
r-devel-linux-x86_64-debian-gcc 1.1.2 3.66 31.71 35.37 OK
r-devel-linux-x86_64-fedora-clang 1.1.2 55.64 OK
r-devel-linux-x86_64-fedora-gcc 1.1.2 55.06 OK
r-devel-windows-ix86+x86_64 1.1.2 15.00 83.00 98.00 OK
r-devel-windows-ix86+x86_64-gcc8 1.1.2 17.00 66.00 83.00 OK
r-patched-linux-x86_64 1.1.2 4.17 37.19 41.36 OK
r-patched-solaris-x86 1.1.2 75.20 OK
r-release-linux-x86_64 1.1.2 3.85 37.06 40.91 OK
r-release-windows-ix86+x86_64 1.1.2 9.00 60.00 69.00 OK
r-release-osx-x86_64 1.1.2 OK
r-oldrel-windows-ix86+x86_64 0.9.2 4.00 62.00 66.00 OK
r-oldrel-osx-x86_64 1.1.2 ERROR

Check Details

Version: 1.1.2
Check: whether package can be installed
Result: ERROR
    Installation failed.
Flavor: r-oldrel-osx-x86_64