CRAN Package Check Results for Package valetr

Last updated on 2020-01-19 07:56:34 CET.

Flavor Version Tinstall Tcheck Ttotal Status Flags
r-devel-linux-x86_64-debian-clang 0.1.0 2.25 24.48 26.73 OK
r-devel-linux-x86_64-debian-gcc 0.1.0 1.70 19.43 21.13 OK
r-devel-linux-x86_64-fedora-clang 0.1.0 34.40 NOTE
r-devel-linux-x86_64-fedora-gcc 0.1.0 32.42 NOTE
r-devel-windows-ix86+x86_64 0.1.0 7.00 54.00 61.00 OK
r-devel-windows-ix86+x86_64-gcc8 0.1.0 6.00 63.00 69.00 OK
r-patched-linux-x86_64 0.1.0 1.63 22.85 24.48 OK
r-patched-solaris-x86 0.1.0 42.80 NOTE
r-release-linux-x86_64 0.1.0 1.54 22.67 24.21 OK
r-release-windows-ix86+x86_64 0.1.0 8.00 41.00 49.00 OK
r-release-osx-x86_64 0.1.0 NOTE
r-oldrel-windows-ix86+x86_64 0.1.0 4.00 39.00 43.00 OK
r-oldrel-osx-x86_64 0.1.0 NOTE

Check Details

Version: 0.1.0
Check: dependencies in R code
Result: NOTE
    Namespace in Imports field not imported from: ‘curl’
     All declared Imports should be used.
Flavors: r-devel-linux-x86_64-fedora-clang, r-devel-linux-x86_64-fedora-gcc, r-patched-solaris-x86, r-release-osx-x86_64, r-oldrel-osx-x86_64