CRAN Package Check Results for Package vanddraabe

Last updated on 2020-01-17 21:47:24 CET.

Flavor Version Tinstall Tcheck Ttotal Status Flags
r-devel-linux-x86_64-debian-clang 1.1.1 9.83 74.77 84.60 OK
r-devel-linux-x86_64-debian-gcc 1.1.1 9.20 56.73 65.93 OK
r-devel-linux-x86_64-fedora-clang 1.1.1 100.66 OK
r-devel-linux-x86_64-fedora-gcc 1.1.1 97.45 OK
r-devel-windows-ix86+x86_64 1.1.1 40.00 133.00 173.00 OK
r-devel-windows-ix86+x86_64-gcc8 1.1.1 23.00 148.00 171.00 OK
r-patched-linux-x86_64 1.1.1 8.90 64.93 73.83 OK
r-patched-solaris-x86 1.1.1 127.80 OK
r-release-linux-x86_64 1.1.1 7.93 65.25 73.18 OK
r-release-windows-ix86+x86_64 1.1.1 29.00 93.00 122.00 OK
r-release-osx-x86_64 1.1.1 OK
r-oldrel-osx-x86_64 1.1.1 ERROR

Check Details

Version: 1.1.1
Check: whether package can be installed
Result: ERROR
    Installation failed.
Flavor: r-oldrel-osx-x86_64