CRAN Package Check Results for Package vein

Last updated on 2020-01-16 17:48:26 CET.

Flavor Version Tinstall Tcheck Ttotal Status Flags
r-devel-linux-x86_64-debian-clang 0.8.0 26.90 232.79 259.69 OK
r-devel-linux-x86_64-debian-gcc 0.8.0 22.34 172.98 195.32 OK
r-devel-linux-x86_64-fedora-clang 0.8.0 306.34 NOTE
r-devel-linux-x86_64-fedora-gcc 0.8.0 297.04 NOTE
r-devel-windows-ix86+x86_64 0.8.0 66.00 317.00 383.00 NOTE
r-devel-windows-ix86+x86_64-gcc8 0.8.0 44.00 316.00 360.00 NOTE
r-patched-linux-x86_64 0.8.0 22.81 207.53 230.34 OK
r-patched-solaris-x86 0.8.0 379.80 NOTE
r-release-linux-x86_64 0.8.0 24.04 204.81 228.85 OK
r-release-windows-ix86+x86_64 0.8.0 55.00 213.00 268.00 NOTE
r-release-osx-x86_64 0.8.0 NOTE
r-oldrel-windows-ix86+x86_64 0.8.0 35.00 203.00 238.00 NOTE
r-oldrel-osx-x86_64 0.8.0 NOTE

Check Details

Version: 0.8.0
Check: installed package size
Result: NOTE
     installed size is 7.0Mb
     sub-directories of 1Mb or more:
     R 2.5Mb
Flavors: r-devel-linux-x86_64-fedora-clang, r-devel-windows-ix86+x86_64, r-devel-windows-ix86+x86_64-gcc8, r-patched-solaris-x86, r-release-windows-ix86+x86_64, r-release-osx-x86_64, r-oldrel-windows-ix86+x86_64, r-oldrel-osx-x86_64

Version: 0.8.0
Check: dependencies in R code
Result: NOTE
    Namespace in Imports field not imported from: ‘methods’
     All declared Imports should be used.
Flavors: r-devel-linux-x86_64-fedora-clang, r-devel-linux-x86_64-fedora-gcc, r-patched-solaris-x86, r-release-osx-x86_64, r-oldrel-osx-x86_64