CRAN Package Check Results for Package virtuoso

Last updated on 2020-01-18 08:00:04 CET.

Flavor Version Tinstall Tcheck Ttotal Status Flags
r-devel-linux-x86_64-debian-clang 0.1.4 5.86 56.12 61.98 OK
r-devel-linux-x86_64-debian-gcc 0.1.4 5.15 42.78 47.93 OK
r-devel-linux-x86_64-fedora-clang 0.1.4 77.16 OK
r-devel-linux-x86_64-fedora-gcc 0.1.4 74.28 OK
r-devel-windows-ix86+x86_64 0.1.4 25.00 146.00 171.00 OK
r-devel-windows-ix86+x86_64-gcc8 0.1.4 13.00 139.00 152.00 OK
r-patched-linux-x86_64 0.1.4 4.77 48.14 52.91 OK
r-patched-solaris-x86 0.1.4 93.90 ERROR
r-release-linux-x86_64 0.1.4 5.34 47.84 53.18 OK
r-release-windows-ix86+x86_64 0.1.4 16.00 78.00 94.00 OK
r-release-osx-x86_64 0.1.4 ERROR
r-oldrel-windows-ix86+x86_64 0.1.4 9.00 142.00 151.00 OK
r-oldrel-osx-x86_64 0.1.4 ERROR

Check Details

Version: 0.1.4
Check: examples
Result: ERROR
    Running examples in ‘virtuoso-Ex.R’ failed
    The error most likely occurred in:
    
    > ### Name: vos_connect
    > ### Title: Connect to a Virtuoso Server over ODBC
    > ### Aliases: vos_connect
    >
    > ### ** Examples
    >
    > vos_status()
    Error in ps_pids() : Not implemented for this platform
    Calls: vos_status ... vos_process -> virtuoso_pid -> <Anonymous> -> ps_pids
    Execution halted
Flavor: r-patched-solaris-x86

Version: 0.1.4
Check: tests
Result: ERROR
     Running ‘spelling.R’ [0s/0s]
     Running ‘testthat.R’ [3s/3s]
    Running the tests in ‘tests/testthat.R’ failed.
    Last 13 lines of output:
     cannot open the connection
     Backtrace:
     1. virtuoso:::vos_odbcinst()
     2. base::write(...)
     3. base::cat(...)
     4. base::file(file, ifelse(append, "a", "w"))
    
     virtuoso isn't running.
     No active virtuoso process detected.
     ══ testthat results ═══════════════════════════════════════════════════════════
     [ OK: 14 | SKIPPED: 9 | WARNINGS: 1 | FAILED: 1 ]
     1. Error: We can generate an odbcinst file (@test-vos_odbc.R#23)
    
     Error: testthat unit tests failed
     Execution halted
Flavors: r-release-osx-x86_64, r-oldrel-osx-x86_64