CRAN Package Check Results for Package webr

Last updated on 2020-01-27 07:55:22 CET.

Flavor Version Tinstall Tcheck Ttotal Status Flags
r-devel-linux-x86_64-debian-clang 0.1.0 5.49 48.71 54.20 OK
r-devel-linux-x86_64-debian-gcc 0.1.0 4.24 37.69 41.93 OK
r-devel-linux-x86_64-fedora-clang 0.1.5 145.38 NOTE
r-devel-linux-x86_64-fedora-gcc 0.1.0 62.15 NOTE
r-devel-windows-ix86+x86_64 0.1.0 18.00 88.00 106.00 OK
r-devel-windows-ix86+x86_64-gcc8 0.1.0 24.00 62.00 86.00 OK
r-patched-linux-x86_64 0.1.0 3.50 43.37 46.87 OK
r-patched-solaris-x86 0.1.5 167.40 NOTE
r-release-linux-x86_64 0.1.0 4.74 43.64 48.38 OK
r-release-windows-ix86+x86_64 0.1.0 9.00 63.00 72.00 OK
r-release-osx-x86_64 0.1.0 NOTE
r-oldrel-windows-ix86+x86_64 0.1.0 6.00 54.00 60.00 OK
r-oldrel-osx-x86_64 0.1.0 NOTE

Check Details

Version: 0.1.5
Check: dependencies in R code
Result: NOTE
    Namespaces in Imports field not imported from:
     ‘shiny’ ‘tidyselect’
     All declared Imports should be used.
Flavors: r-devel-linux-x86_64-fedora-clang, r-patched-solaris-x86

Version: 0.1.0
Check: dependencies in R code
Result: NOTE
    Namespace in Imports field not imported from: ‘moonBook’
     All declared Imports should be used.
Flavors: r-devel-linux-x86_64-fedora-gcc, r-release-osx-x86_64, r-oldrel-osx-x86_64