CRAN Package Check Results for Package wingui

Last updated on 2020-01-26 07:52:38 CET.

Flavor Version Tinstall Tcheck Ttotal Status Flags
r-devel-linux-x86_64-debian-clang 0.2 3.18 25.78 28.96 OK
r-devel-linux-x86_64-debian-gcc 0.2 2.36 20.50 22.86 OK
r-devel-linux-x86_64-fedora-clang 0.2 35.66 NOTE
r-devel-linux-x86_64-fedora-gcc 0.2 34.91 NOTE
r-devel-windows-ix86+x86_64 0.2 66.00 94.00 160.00 NOTE
r-devel-windows-ix86+x86_64-gcc8 0.2 68.00 99.00 167.00 NOTE
r-patched-linux-x86_64 0.2 2.35 23.55 25.90 OK
r-patched-solaris-x86 0.2 49.00 OK
r-release-linux-x86_64 0.2 2.19 23.35 25.54 OK
r-release-windows-ix86+x86_64 0.2 41.00 59.00 100.00 NOTE
r-release-osx-x86_64 0.2 OK
r-oldrel-windows-ix86+x86_64 0.2 38.00 69.00 107.00 NOTE
r-oldrel-osx-x86_64 0.2 OK

Check Details

Version: 0.2
Check: compiled code
Result: NOTE
    File ‘wingui/libs/wingui.so’:
     Found no calls to: ‘R_registerRoutines’, ‘R_useDynamicSymbols’
    
    It is good practice to register native routines and to disable symbol
    search.
    
    See ‘Writing portable packages’ in the ‘Writing R Extensions’ manual.
Flavors: r-devel-linux-x86_64-fedora-clang, r-devel-linux-x86_64-fedora-gcc

Version: 0.2
Check: R code for possible problems
Result: NOTE
    .__A__.1 : <anonymous>: no visible binding for global variable '.hwnd'
    Undefined global functions or variables:
     .hwnd
Flavors: r-devel-windows-ix86+x86_64, r-devel-windows-ix86+x86_64-gcc8, r-release-windows-ix86+x86_64, r-oldrel-windows-ix86+x86_64