CRAN Package Check Results for Package wpp2019

Last updated on 2020-02-16 07:48:18 CET.

Flavor Version Tinstall Tcheck Ttotal Status Flags
r-devel-linux-x86_64-debian-clang 1.1-1 3.15 42.37 45.52 OK
r-devel-linux-x86_64-debian-gcc 1.1-1 2.19 33.42 35.61 OK
r-devel-linux-x86_64-fedora-clang 1.1-1 54.34 NOTE
r-devel-linux-x86_64-fedora-gcc 1.1-1 52.75 OK
r-devel-windows-ix86+x86_64 1.1-1 10.00 60.00 70.00 NOTE
r-devel-windows-ix86+x86_64-gcc8 1.1-0 12.00 53.00 65.00 NOTE
r-patched-linux-x86_64 1.1-1 2.44 38.40 40.84 OK
r-patched-solaris-x86 1.1-1 82.50 NOTE
r-release-linux-x86_64 1.1-1 2.18 37.19 39.37 OK
r-release-windows-ix86+x86_64 1.1-1 8.00 70.00 78.00 NOTE
r-release-osx-x86_64 1.1-1 NOTE
r-oldrel-windows-ix86+x86_64 1.1-1 7.00 41.00 48.00 NOTE
r-oldrel-osx-x86_64 1.1-1 NOTE

Check Details

Version: 1.1-1
Check: installed package size
Result: NOTE
     installed size is 11.4Mb
     sub-directories of 1Mb or more:
     data 11.3Mb
Flavors: r-devel-linux-x86_64-fedora-clang, r-devel-windows-ix86+x86_64, r-patched-solaris-x86, r-release-windows-ix86+x86_64, r-release-osx-x86_64, r-oldrel-windows-ix86+x86_64, r-oldrel-osx-x86_64

Version: 1.1-0
Check: installed package size
Result: NOTE
     installed size is 11.2Mb
     sub-directories of 1Mb or more:
     data 11.1Mb
Flavor: r-devel-windows-ix86+x86_64-gcc8