CRAN Package Check Results for Package zipfR

Last updated on 2020-03-30 07:51:37 CEST.

Flavor Version Tinstall Tcheck Ttotal Status Flags
r-devel-linux-x86_64-debian-clang 0.6-66 9.47 79.96 89.43 OK
r-devel-linux-x86_64-debian-gcc 0.6-66 7.86 61.57 69.43 OK
r-devel-linux-x86_64-fedora-clang 0.6-66 121.18 NOTE
r-devel-linux-x86_64-fedora-gcc 0.6-66 104.27 NOTE
r-devel-windows-ix86+x86_64 0.6-66 15.00 138.00 153.00 OK
r-devel-windows-ix86+x86_64-gcc8 0.6-66 15.00 104.00 119.00 OK
r-patched-linux-x86_64 0.6-66 8.25 76.03 84.28 OK
r-patched-solaris-x86 0.6-66 155.50 NOTE
r-release-linux-x86_64 0.6-66 8.26 68.90 77.16 OK
r-release-windows-ix86+x86_64 0.6-66 13.00 87.00 100.00 OK
r-release-osx-x86_64 0.6-66 NOTE
r-oldrel-windows-ix86+x86_64 0.6-66 10.00 86.00 96.00 OK
r-oldrel-osx-x86_64 0.6-66 NOTE

Check Details

Version: 0.6-66
Check: data for non-ASCII characters
Result: NOTE
     Note: found 146804 marked UTF-8 strings
Flavors: r-devel-linux-x86_64-fedora-clang, r-devel-linux-x86_64-fedora-gcc, r-patched-solaris-x86, r-release-osx-x86_64, r-oldrel-osx-x86_64